*x = -s*j + 5*j + 5. Suppose -2166 = -j*i - 3*n, -2*i - 4*n + 1445 = -n. Is i a composite number?
True
Let z = -81 + 80. Is z/1*-8063*(-14 + 15) prime?
False
Suppose 1603570 = 5*o - 5*i, 320712 = 113*o - 112*o + i. Is o composite?
False
Suppose 5*y - 16*y = 0. Suppose y = 3*d - 27 + 15. Suppose -2*b + 1880 = 2*n, -4*b + n + d*n + 3769 = 0. Is b composite?
False
Let l(p) be the first derivative of 31*p**4/4 + 2*p**3/3 - p**2/2 - 15*p + 18. Let o(j) be the first derivative of l(j). Is o(-4) a composite number?
False
Suppose 126 = 2*t + 4*t. Suppose -9*b = -42 - t. Suppose -973 + 7784 = b*o. Is o a prime number?
False
Suppose 5*r = -20, g + 5*r + 16 = 2*g. Is 2/(87452/21862 + g + 0) a composite number?
True
Let s(x) = -x**3 + 68*x**2 - 162*x + 72. Is s(49) composite?
True
Let i = 2323 - 2319. Suppose -4*t = -t - 15. Suppose t = -w, -i*h + 1654 = -3*h - w. Is h a composite number?
True
Let s be 37/7 + (-2)/7. Suppose 5*d = 2*b + 3507 + 1298, 0 = -2*d - s*b + 1951. Let u = 2584 - d. Is u prime?
True
Suppose 0 = -213*g + 209481888 - 8190285. Is g composite?
False
Suppose 393 - 53 = -5*a. Is 2/(-11) + -4518*a/88 a composite number?
False
Suppose -6*b + 0 + 108 = 0. Let y be 81/b*(-2)/(-3). Suppose 0*l + 22 = l + a, 3*l - 66 = y*a. Is l prime?
False
Suppose 12*n + 31230 = 17*n. Let i = n + -3029. Is i a prime number?
True
Suppose 59*p + 2*v = 61*p - 64044, 2*v = -4*p + 128058. Is p a composite number?
True
Let k(i) be the third derivative of 47*i**4/3 + 97*i**3/6 - i**2 + i. Is k(21) composite?
False
Suppose 2*p - 88836 = -2*u + 167064, 511801 = 4*u + 3*p. Is u composite?
False
Let x be (-2440)/(-300) + 4/(-30). Let o(m) = 5*m**2 - 3 + m + 6 + 0*m. Is o(x) prime?
True
Suppose a - n = 30258, 5*n + 121031 = -63*a + 67*a. Is a a composite number?
False
Suppose 3*v - 5*f - 33 = -v, 5*v + 3*f = -5. Suppose -3*u = -5*m - 3443, -3*u + 5*m = v*u - 5735. Let q = u - 445. Is q prime?
True
Let i(p) = 94*p**2 + 20 - 2*p + p**3 - 93*p**2 + p. Let x be i(0). Suppose -x*g - 958 = -22*g. Is g prime?
True
Let q(o) = 2*o + 4. Let k(c) = 2*c**2 - 14*c - 3. Let x be k(7). Let n be q(x). Is (n/(-4))/((-2)/(-236)) a composite number?
False
Let x(i) = 22101*i + 16798. Is x(11) prime?
False
Suppose 2*k = 4, -3*o + 14*k = 13*k - 271. Let r = 110 - -72. Let x = r - o. Is x a prime number?
False
Let u(m) be the second derivative of -m**3/6 - 5*m**2/2 - 3*m. Let k be u(0). Is (-3)/(-4 - k) + 166 composite?
False
Let z = 36030 - -17181. Is z a composite number?
True
Let m = -313221 + 446990. Is m composite?
False
Suppose 264*s + 113279 = 265*s. Is s composite?
False
Suppose 35 = -5*l + 50. Suppose 6102 = l*q + 2*i + i, -q - 2*i + 2038 = 0. Suppose 5*x + 5*k - q = 0, 0 = -5*x + 2*k + 1300 + 737. Is x composite?
True
Suppose -4*k + 4*g = -7644, 3*k + 2*g = -2*k + 9541. Let j = -1142 + k. Suppose -j - 447 = -p. Is p composite?
True
Suppose 277065577 = 220*i - 9*i. Is i prime?
False
Suppose 4 = 3*d - 5. Suppose 2*c + 5*x - 2826 = 0, 5652 = c + d*c + 4*x. Suppose -5*v + 452 = k, -7*v - c = -3*k - 3*v. Is k prime?
True
Let c(o) = -o**2 + 9*o - 8. Let h be c(7). Is (-665875)/(-70) + (h/(-4) - 0) composite?
False
Suppose 6*c - 105 = 1743. Let r = c - -851. Is r a composite number?
True
Let s = 17445 - 10258. Is s a composite number?
False
Let g be (1 + 9/(-12))*16. Suppose -13049 - 12033 = -5*y - j, -3*y + g*j + 15063 = 0. Is y a composite number?
True
Let f = 105220 + -53991. Is f a prime number?
True
Suppose -2*h + 11*j + 1483063 = 8*j, -2*h + 1483039 = 5*j. Is h composite?
True
Suppose -2*s + 1709 = o, -3*o - 94*s + 5134 = -89*s. Is o composite?
False
Suppose 0 = 114*k - 87*k - 4229793. Is k a composite number?
False
Let s(w) = -11*w - 60. Let p(y) = 8*y + 26. Let l be p(-4). Let g be s(l). Is ((-124)/(g/3))/(2/(-19)) composite?
True
Suppose 327959 = x + 2*c - 82058, 820070 = 2*x - 2*c. Is x a composite number?
False
Let t(a) be the first derivative of 13*a**3/3 - 10*a**2 + 22*a + 60. Is t(-7) a prime number?
False
Suppose -3*r = -2*u + 16013 - 71190, 3*r - 5*u - 55183 = 0. Is r composite?
True
Let x = -23177 + 67966. Is x a prime number?
True
Let y = 12604 + -7869. Suppose 2*n - 2663 = y. Suppose -l = 2*a - n, -4*l - 4*a + 0*a + 14812 = 0. Is l a prime number?
False
Let l(x) = 51*x**2 - 14*x + 65. Let q be l(8). Let v = q - 1506. Is v a composite number?
True
Is (-10 - (-45451 - -4)) + -4 a composite number?
False
Suppose 3*s - m + 7 = 12, -8 = 4*s - 5*m. Suppose -4*u - 5*q = -s*q - 306, -u + 82 = -5*q. Is u a composite number?
True
Suppose 5 + 3 = 2*x. Suppose 2*n - 108 = -102. Suppose -3*y + 2597 = -x*a, y = -n*a - 513 + 1370. Is y composite?
False
Suppose -36*o + 63286 = -34*o + 2*g, 3*o + 4*g - 94929 = 0. Is o prime?
True
Suppose 121*y = 125*y - 58580. Suppose y = 4*a + 3*o, -4*a = -3*o - 10735 - 3892. Is a a prime number?
True
Let h be 2/((-10)/33)*5. Let g = h - -26. Is g/14 + 471/2 prime?
False
Let t be (-1 + 0)*(1 - 3). Suppose 3*d = 3*v + 34911, -v - t + 1 = 0. Let u = d - 8029. Is u prime?
True
Let y(o) = -140907*o + 233. Is y(-4) a composite number?
True
Is (24/156 + (-36)/(-104))*(289715 - 1) a prime number?
False
Let s(j) = -1 - 61*j - 2 + 1 + 0. Let t(w) = 122*w + 3. Let l(m) = -5*s(m) - 3*t(m). Is l(-2) a composite number?
True
Suppose 4*g - 11708 = 2*j, 7*j - 8781 = -3*g + 2*j. Let f = -1566 + g. Is f prime?
True
Let i(o) be the third derivative of -55*o**4/24 - 11*o**3/3 - 2*o**2. Suppose 5*s + 401 = 5*z + 421, 10 = -4*z - 2*s. Is i(z) a composite number?
True
Let t be (9 - 4)/(2/984). Suppose 4*d - 3*o = 6080 + 333, 5*o = 2*d - 3189. Let a = t - d. Is a a composite number?
False
Suppose -18*a + 22*a = -288. Is (-81856)/a + (-2)/(-18) composite?
True
Let g(q) = -51*q**2 - 47*q + 1559. Let x(k) = -9*k**2 - 8*k + 260. Let s(n) = 2*g(n) - 13*x(n). Is s(21) composite?
False
Let z(s) = 3*s - 92. Let w be z(33). Suppose -w*f + 61138 = 7*f. Is f a composite number?
True
Let v(f) = -2*f**2 - 19*f + 14. Let x be v(-10). Suppose -3*u + 5 = x*a, 0 = a - 5*a - 4*u + 4. Suppose a*t = -3*t + 3145. Is t a composite number?
True
Suppose -9875 = -17*b + 7*b + 7895. Is b a composite number?
False
Let d = -34777 + 73316. Is d prime?
False
Let a be (18/8)/(1/4). Let x be ((-216)/(-12) - 20) + 0. Is (x - 27)*(-14 - a) prime?
False
Let a(m) = -14*m - 11*m - 9 + 43*m - 91*m**2 - 16*m. Let z be a(4). Let u = z - -2770. Is u a composite number?
True
Let g(u) = -10*u**3 + 75*u**2 + 21*u + 13. Is g(-31) prime?
False
Let g = 48091 - 22280. Is g a prime number?
False
Let v(n) = -34 - 189*n + 143*n + 28*n**2 + 99*n. Is v(15) prime?
False
Let q(o) = 8*o**3 + 7*o**2 - o - 7. Let u = 13 + 11. Let l be -1 + 114/15 + u/(-40). Is q(l) prime?
False
Suppose -23*r + 187 = -22*r + 2*h, -180 = -r + 5*h. Is r a prime number?
False
Suppose 591171 + 6106869 = 24*q. Is q prime?
False
Suppose -m + 10403 = s, -8220 = 5*s - 5*m - 60255. Is s composite?
True
Let v = 2442 + 5821. Is v prime?
True
Let t = -514 - -1921. Suppose -4*l = t - 6827. Is l a prime number?
False
Let l be 2 - (2/2 + (-1 - 1)). Suppose l*i + 0*i + 18 = 0. Let v(m) = -32*m - 1. Is v(i) a prime number?
True
Let k = 9202 - 1221. Is k a composite number?
True
Let o = -23191 + 53940. Is o prime?
False
Is (-2475)/(-660)*(-5672)/(-6) prime?
False
Suppose -457285 - 75949 = -13*t + 108953. Is t composite?
True
Let d = -158819 + 296940. Is d a prime number?
False
Suppose -7*l + 4*l + 14 = i, 2*i = 3*l + 10. Suppose -2*a - 2*h = -216, -i*h = 3*a - 4*h - 323. Is a composite?
False
Suppose 0 = 5*p + 10, -5*v + 5*p - 32 + 162 = 0. Let n = 36 - v. Is 2/(8/n) - -5324 prime?
False
Suppose -136*l + 5724082 = -38*l. Is l prime?
False
Let s = -43 - -42. Let x be ((-2)/8)/((-84)/80 - s). Suppose 3*t = -2*w + 466, 4*t - 142 = x*w + 510. Is t a prime number?
False
Let g = -1819 - 6132. Let t = 15354 + g. Is t a prime number?
False
Let m(p) = 2*p**2 + 13*p + 1. Let b be m(-6). Let o(s) be the third derivative of -17*s**4/24 + 2*s**3 + 3*s**2. Is o(b) a composite number?
False
Suppose -3*j = -6, -3*k - 12*j + 111263 = -11*j. Is k composite?
False
Suppose 16*k + 24 = 20*k - r, k + 3 = -2*r. Suppose i + k*g = 1427 + 230, -4*i = -g - 6628. Is i prime?
True
Let o(c) = -190*c + 3. Suppose 12*d + 8 = 10*d. Let l be d - (-1 - (-4 - -4)). Is o(l) prime?
False
Is (-545182)